f 247?
False
Is 1689815358 a multiple of 21?
True
Is 4 a factor of 117597575?
False
Is 1684092 a multiple of 6?
True
Is 884 a factor of 361152896?
True
Does 114 divide 500210470?
False
Does 537 divide 4897283196?
True
Is 132277374 a multiple of 129?
True
Does 39 divide 20733024?
True
Does 162 divide 1180594440?
True
Does 275 divide 127234169?
False
Is 332596450 a multiple of 9410?
True
Is 117142308 a multiple of 108?
True
Is 19 a factor of 84416855?
False
Is 1167 a factor of 1978007817?
True
Is 1744 a factor of 267555757?
False
Does 67 divide 88216771?
False
Does 12 divide 273643677?
False
Is 132879706 a multiple of 18?
False
Does 99 divide 1206035325?
True
Is 142 a factor of 12790082?
True
Is 65739276 a multiple of 2878?
True
Does 294 divide 256953060?
True
Does 2264 divide 249286031?
False
Is 11 a factor of 30222137?
True
Is 9 a factor of 21582090?
True
Is 4 a factor of 141180244?
True
Is 189 a factor of 492532866?
True
Is 1518 a factor of 27239911?
False
Does 14 divide 31973551?
False
Is 515813664 a multiple of 253?
False
Is 37 a factor of 181955705?
False
Is 4986 a factor of 138835170?
True
Is 1858 a factor of 147151083?
False
Does 55 divide 699939405?
True
Is 59 a factor of 11096502?
False
Does 3 divide 62329332?
True
Is 50706989 a multiple of 73?
False
Is 8911260 a multiple of 9?
True
Is 13 a factor of 3375612929?
True
Is 647959920 a multiple of 2985?
True
Does 2 divide 366385142?
True
Is 187804952 a multiple of 356?
True
Is 158 a factor of 44717248?
False
Does 852 divide 14079300?
True
Does 1222 divide 27716817?
False
Is 94 a factor of 277174322?
True
Does 75 divide 275440950?
True
Is 1234519 a multiple of 244?
False
Is 101570625 a multiple of 13?
True
Is 375 a factor of 256877075?
False
Is 13 a factor of 7273363?
False
Is 1895 a factor of 11826695?
True
Is 42819244 a multiple of 107?
False
Is 477 a factor of 775400589?
False
Is 21876140 a multiple of 526?
False
Is 1111 a factor of 56473745?
False
Is 314289573 a multiple of 1006?
False
Is 4470 a factor of 750960?
True
Is 164467350 a multiple of 15?
True
Does 345 divide 83959014?
False
Is 78088338 a multiple of 1149?
True
Is 227 a factor of 2052788240?
True
Does 4 divide 56533572?
True
Is 205718634 a multiple of 9?
True
Is 93039442 a multiple of 265?
False
Is 5247396192 a multiple of 12?
True
Is 511087137 a multiple of 1295?
False
Does 2197 divide 10016123?
True
Does 55 divide 19597155?
False
Does 2210 divide 169023010?
True
Does 8 divide 10137152?
True
Is 12859 a factor of 2597204018?
False
Is 3175546642 a multiple of 1944?
False
Is 350176482 a multiple of 10?
False
Does 20 divide 870061266?
False
Does 7 divide 318570168?
True
Does 2573 divide 86532563?
True
Does 62 divide 438151954?
True
Does 21 divide 2997667368?
False
Is 38435031 a multiple of 9?
True
Is 109371285 a multiple of 17?
True
Is 313 a factor of 31032550?
False
Is 15 a factor of 228081714?
False
Is 2254 a factor of 298715120?
False
Is 48 a factor of 38136183?
False
Is 1995882327 a multiple of 4607?
False
Is 300679281 a multiple of 7?
True
Does 1178 divide 17850234?
True
Does 103 divide 16026491?
True
Does 945 divide 443681280?
True
Does 71 divide 1619877070?
True
Does 320 divide 14001600?
True
Is 95504716 a multiple of 1121?
True
Is 1523187896 a multiple of 189?
False
Is 246 a factor of 2181300450?
True
Is 405 a factor of 148425018?
False
Does 4569 divide 1018855017?
True
Does 1072 divide 33180957?
False
Is 29 a factor of 5682778?
False
Is 23 a factor of 4480519534?
False
Is 1332441612 a multiple of 6093?
True
Is 786910515 a multiple of 1941?
True
Is 7812 a factor of 981013744?
False
Does 84 divide 118084492?
False
Is 12 a factor of 708848309?
False
Is 50149125 a multiple of 39?
True
Is 6 a factor of 1184022851?
False
Does 10 divide 1931349159?
False
Does 7 divide 413091609?
True
Is 12199752 a multiple of 2438?
True
Does 454 divide 6419560?
True
Is 98604192 a multiple of 36?
False
Is 1408716616 a multiple of 9?
False
Does 33 divide 72776682?
True
Is 353353784 a multiple of 8?
True
Is 38 a factor of 159122682?
True
Is 343489008 a multiple of 12?
True
Is 186 a factor of 423807510?
True
Is 511 a factor of 189861580?
False
Does 53 divide 131169659?
False
Is 25626754 a multiple of 16?
False
Is 52296450 a multiple of 7?
False
Is 18 a factor of 343931382?
True
Does 1330 divide 6298978?
False
Does 181 divide 1060466511?
True
Is 1288 a factor of 43516368?
True
Does 14 divide 8818530?
True
Is 639 a factor of 45542169?
True
Is 840466507 a multiple of 10?
False
Is 399486888 a multiple of 233?
True
Is 80 a factor of 212976380?
False
Does 16 divide 354492417?
False
Is 3 a factor of 108372009?
True
Is 243709794 a multiple of 1334?
True
Does 23 divide 3334609?
True
Does 3151 divide 662951674?
False
Is 40580230 a multiple of 9?
False
Does 4344 divide 272768448?
True
Is 249 a factor of 459527010?
True
Is 104851050 a multiple of 75?
True
Is 146 a factor of 2956192670?
True
Is 18310792 a multiple of 8?
True
Does 16 divide 4296750?
False
Is 356305 a multiple of 17?
False
Is 9 a factor of 525502268?
False
Is 440755677 a multiple of 219?
True
Is 642145 a multiple of 188?
False
Is 1745 a factor of 19575055?
False
Does 28 divide 838066740?
True
Is 3497 a factor of 2941694880?
False
Is 17 a factor of 1850219012?
False
Does 10 divide 487838935?
False
Is 1162 a factor of 287807646?
True
Is 148493844 a multiple of 186?
True
Is 2559 a factor of 653226666?
False
Is 2442010135 a multiple of 1344?
False
Is 8 a factor of 212660248?
True
Is 137 a factor of 22221079?
False
Is 34506260 a multiple of 441?
False
Is 314502494 a multiple of 3863?
False
Is 1066861286 a multiple of 673?
False
Is 26744168 a multiple of 33?
False
Is 379406463 a multiple of 1272?
False
Is 121 a factor of 3194555969?
True
Does 29 divide 6781737?
True
Does 120 divide 100736279?
False
Does 5738 divide 155993268?
True
Does 66 divide 169876417?
False
Does 337 divide 618412221?
False
Is 70 a factor of 51935520?
True
Does 396 divide 349982820?
True
Is 223116 a multiple of 12?
True
Is 7870383 a multiple of 16?
False
Does 360 divide 463902480?
True
Is 88810102 a multiple of 31?
True
Does 4 divide 8614944?
True
Is 382 a factor of 138431846?
False
Is 150 a factor of 7761750?
True
Does 343 divide 22401183?
False
Is 14826723 a multiple of 87?
False
Is 710 a factor of 985220694?
False
Is 1190300220 a multiple of 1003?
True
Does 2381 divide 3193995?
False
Is 27591672 a multiple of 81?
False
Is 11 a factor of 22957099?
True
Is 68 a factor of 257596763?
False
Does 41 divide 340336446?
False
Is 318 a factor of 8318403?
False
Is 7477436 a multiple of 226?
True
Is 5587 a factor of 51372465?
True
Is 10 a factor of 77536680?
True
Is 4977 a factor of 2799582949?
False
Is 1217248 a multiple of 3?
False
Is 163793832 a multiple of 114?
True
Is 9809934 a multiple of 43?
True
Is 12559333 a multiple of 9?
False
Is 751 a factor of 1544734812?
False
Is 22 a factor of 264869343?
False
Is 15 a factor of 2704418554?
False
Does 1120 divide 697784640?
True
Is 30702969 a multiple of 51?
True
Is 161117564 a multiple of 596?
False
Is 68158452 a multiple of 358?
False
Does 13 divide 653444?
False
Is 416606498 a multiple of 46?
True
Is 28 a factor of 26993764?
True
Does 313 divide 27263275?
False
Does 6494 divide 3398731559?
False
Is 2 a factor of 31761567?
False
Does 80 divide 74966718?
False
Does 29 divide 58221096?
True
Is 11 a factor of 3095277779?
True
Is 20 a factor of 41750501?
False
Is 1091097 a multiple of 21?
True
Does 207 divide 287605037?
False
Does 7566 divide 1468863240?
True
Is 31866220 a multiple of 710?
True
Is 156 a factor of 41966384?
False
Is 32 a factor of 497457724?
False
Is 187374000 a multiple of 204?
True
Is 132 a factor of 290823894?
False
Does 36 divide 187242881?
False
Is 7589064 a multiple of 2?
True
Is 1798450930 a multiple of 1805?
False
Is 6 a factor of 21960606?
True
Is 5452129549 a multiple of 6944?
False
Does 18 divide 465670674?
True
Does 631 divide 66747007?
False
Does 16540 divide 2658705760?
True
Is 1021 a factor of 93156097?
False
Is 69 a factor of 507584882?
False
Is 10951697 a multiple of 18?
False
Does 62 divide 113227810?
True
Does 4 divide 18951502?
False
Does 37 divide 934680192?
False
Does 1386 divide 304067610?
True
Does 21 divide 28727538?
True
Is 2138 a factor of 15110315